 23*o - 92. Let l be t(-18). Calculate v(l).
-4
Let w be 3 + 4*(-6 - (-35)/14 - -2). Let y(s) = 22*s + 65. Determine y(w).
-1
Let w(n) = -6*n**2. Let y(f) = f**3 - 2*f**2 + 5*f - 1. Let v be y(3). Let b(z) = 6*z - v + 44 - 22 + z**2. Let p be b(-6). Determine w(p).
-6
Let m(q) = q**3 + 8*q**2 + 5*q - 4. Let x = -1116 + 864. Let s = -259 - x. What is m(s)?
10
Let y = -79 + 1938. Let x(n) = 1865*n + 3 - 1 + n**2 - y*n. Give x(-10).
42
Suppose 5*s - 3 = -3*u, -2*u = -s - 4*u + 2. Suppose -l + 7*l - 228 = s. Let c(m) = m + l - 64 + 35. Give c(-11).
-2
Suppose 0 = -7*u + 130*u - 3075. Let n(w) = 6*w - 153. Give n(u).
-3
Let k be 166/54 + (6/39)/(2268/(-1092)). Let y(r) = -r**2 - 6*r - 4. Let j(i) = -i**2 - 7*i - 4. Let l(c) = 4*j(c) - 5*y(c). Give l(k).
19
Let d be (-4)/(-6)*(-2 + 3 + 2). Let u be d*(8/32 + (-1)/(-4)). Let m be (1 + (-4)/(-2))*u. Let a(f) = -2*f**2 + 4*f - 2. What is a(m)?
-8
Let p(y) = y**3 - y**2 + y. Let q(w) = -6*w**3 - w**2 - 6*w + 5. Let a(b) = 5*p(b) + q(b). Let t = 967 + -973. Calculate a(t).
11
Suppose -5*h + 7 = -3. Let b(o) = 1 - 2*o + 15*o - 25*o**h - 10*o - 4*o. What is b(1)?
-25
Let d(v) = -73 - 79 + 3*v - 81 + 237. Give d(6).
22
Let x(l) = 0*l + 3*l - 6 - 5*l - 2*l. Determine x(-4).
10
Let c(y) = -15*y - 84. Let n be c(-6). Suppose -n*v = 2*v - 2*v. Let u(z) = z**2 - z + 17. Calculate u(v).
17
Let o(s) = -16*s**2 + 109228*s - 109182*s + 19*s**2 + 20. Give o(-15).
5
Let w = -3020 + 3006. Let n(p) = p**2 + 14*p + 1. Determine n(w).
1
Let c(i) = -4*i**2 + 6*i + 1. Let y(o) = 17*o**2 - 25*o - 5. Suppose -7*p + 6 = -4*p. Let w(g) = p*y(g) + 9*c(g). Let h be ((-3)/6)/((-3)/18). Determine w(h).
-7
Let y(i) = i**2 - i - 8. Let b be -72 - 9/(63/(-28)). Let p = -62 - b. Determine y(p).
22
Let x(w) be the first derivative of -w**3/3 - 7*w**2/2 + 51*w + 1589. Determine x(5).
-9
Let p(h) = -49*h - 13. Let q(n) = -74*n - 22. Let c(z) = -8*p(z) + 5*q(z). Give c(-5).
-116
Let k(b) = -5*b + 4. Let m(g) = -27 - 20 - 23 + 7*g - 19 + 84. Let q(d) = -6*k(d) - 4*m(d). Let c be 10*1/2 - 2. Calculate q(c).
2
Let l(i) be the first derivative of -17*i**3/6 + 3*i**2/2 - 65*i + 53. Let v(k) be the first derivative of l(k). Calculate v(2).
-31
Let x(c) = 3*c - 13. Let j(g) = 402*g + 4413. Let h be j(-11). What is x(h)?
-40
Let i = -35 + 14. Let q = i - -27. Suppose n + q - 2 = 0. Let l(r) = r**3 + 3*r**2 - 3*r - 2. Calculate l(n).
-6
Let t(y) be the first derivative of -y**3/3 + y**2 + 21*y + 495. Determine t(6).
-3
Let b(k) = -209*k - 262*k - 269 - 119 + 432*k. Give b(-10).
2
Let k(j) be the first derivative of -4*j**2 - 3*j - 2. Suppose -2*z + 150 = -4*t + 152, 15 = -3*z. Give k(t).
13
Let f = -8 + 0. Let a = f + 16. Let r(j) = a + 4 + j + 7 + j**2 - 22. Calculate r(-3).
3
Let a(n) be the first derivative of 5/3*n**3 + 0*n + 1/2*n**2 - 22. Let l be 1 - ((-2)/(-6) + (-4)/12). Give a(l).
6
Let s(a) = a**2 + 10*a + 6. Let c(d) = -3121*d**2 + 12 + 6*d - 2 + 33*d + 12 + 3126*d**2. Let v(q) = 2*c(q) - 9*s(q). Determine v(12).
-10
Suppose 3*q - 3*i = 183, q - 25 = -5*i + 6. Suppose -35*u - q = -27*u. Let o(z) be the second derivative of -z**3/6 - z. Determine o(u).
7
Let o(n) = -n**3 + 21*n**2 - 19*n - 21. Let r(a) = -a**3 + 13*a**2 - 20*a - 30. Let f be r(11). Let i be 16 - 8/(f/4). Give o(i).
-1
Let p be 20/(1 - -9)*-4. Let m(c) = 2*c**3 - 11*c**2 + 2*c + 5. Let q(w) = -5*w**3 + 32*w**2 - 6*w - 16. Let u(v) = -8*m(v) - 3*q(v). Give u(p).
-8
Suppose -4*x + 19 = k, 55*k - 52*k - 5*x - 6 = 0. Let r(c) = c**2 - 9*c + 9. Let q be r(8). Let f(b) = b - 3 - q + 0*b. Calculate f(k).
3
Let u(t) = 2*t. Let g be u(-4). Let i(w) = 2*w**3 - 1 - 585*w**2 + 0*w**3 + 3*w**3 - 8*w + 592*w**2 + 3 - 4*w**3. Calculate i(g).
2
Let p(v) = -v**3 - 8*v**2 - 9*v - 12. Let a(i) be the first derivative of -i**4/2 + 41*i**3/3 + 13*i**2 - 112*i - 239. Let b be a(21). Determine p(b).
2
Let d(i) = 4*i - 1. Let x = 61 + 121. Let n = 184 - x. Calculate d(n).
7
Let r be (-12144)/40 + (-1)/(-5)*3. Let u = r - -309. Let x(t) = -t**3 + 6*t**2 + 3*t + 6. Determine x(u).
24
Let s(l) = 23*l - 32. Let r(o) = -7*o - 6. Let h(y) = -3*r(y) - s(y). Determine h(19).
12
Let a = -6545 + 6555. Let v(j) = -5*j - 9. What is v(a)?
-59
Let q(o) = o**2 + 10*o - 15. Suppose u + 51 = -8*j, 30 = -5*u + 3*j + 2*j. What is q(u)?
-4
Let v(r) be the third derivative of r**6/120 + 4*r**5/15 - r**4/24 + 19*r**3/6 - 1380*r**2. Give v(-16).
35
Let n(l) = -3*l**3 - l**2 + 2*l + 2. Let q be n(-1). Let p(c) = -3 - 6*c - 2 - 3 + 12 - c**q. Calculate p(-5).
9
Let v(x) be the third derivative of -11*x**7/1260 + 17*x**4/8 - 3*x**2 - 6. Let i(f) be the second derivative of v(f). Calculate i(-1).
-22
Let a be 7*4 - (-6 + (2 - -1)). Suppose 29*x + 254 = a*x. Suppose 128*k + 3 = x*k. Let c(w) = w**2 + 4*w - 4. What is c(k)?
-7
Let d = 34 + -22. Suppose -11*i = -14*i + d. Suppose -30 = 3*s + 3*q, 4*s + 28 = 2*s - i*q. Let k(m) = -m**2 - 5*m + 7. Give k(s).
1
Let i = -3652 - -3646. Let x(r) = -r**2 + r + 18. Give x(i).
-24
Let y(j) = -j**2 + 15*j - 45. Suppose 11 = -31*f + 15*f + 17*f. What is y(f)?
-1
Suppose -2*i = -5*g - 0*i + 45, 0 = 4*g - 4*i - 48. Let x = g - 4. Let w(n) be the first derivative of -3*n**2 + 2*n - 10735. Determine w(x).
-16
Let n(s) = -s - 10. Let q(t) = -t - 11. Let f(u) = -7*n(u) + 6*q(u). Let m be 4*8/(56/(-35)). Let a be ((-7)/14)/((-2)/m). Calculate f(a).
-1
Let h = 150 + -148. Let o(w) = -w + 2 + 0*w**2 + 3*w**2 - 2*w**h. Calculate o(2).
4
Suppose 0 = 3*k - 4*z - 20, -z = 2*z + 6. Suppose 2*b + 6 = 3*j + j, 5*j - 2*b = 8. Let m(p) = -3*p**2 - 91*p**3 + 42*p**3 + 50*p**3 - 2*p - p**j. Give m(k).
-8
Let g be (13 - 43)*(3/6 - 1). Suppose 92 - 32 = -g*l. Let a(c) = 2*c + 1. Determine a(l).
-7
Let z = 24194 + -24197. Let x(d) = -d**2 - d + 6. Give x(z).
0
Let m(i) = 15*i**2 + 57*i + 8. Let f(v) = -3*v**2 - 8*v - 1. Let g(x) = -6*f(x) - m(x). Calculate g(3).
-2
Suppose -5*r = -4*i - 0 - 3, 0 = -5*r - 5*i + 30. Suppose -r*k - 57 = 15. Let n = 17 + k. Let d(t) = t**3 + 8*t**2 + 6*t + 2. What is d(n)?
9
Let l = -8248 - -8254. Let a(j) = -j - 7. Give a(l).
-13
Let f(v) = -v**2 + 5*v + 4. Let d(g) = 3*g**3 - g. Let q be d(2). Suppose -19 + q = -z. Let r be -1*6/z - -3. Calculate f(r).
4
Let v(l) = l**2 + 17*l - 25. Let f be 3*57/(-36)*8/2. Let w be v(f). Let i(p) = p - 15. Let g be i(w). Let t(d) = 2*d**2 - 2*d - 3. Give t(g).
9
Let i(d) be the second derivative of -d**4/12 + 3*d**3/2 + 3*d**2/2 - d. Let f be (-2)/3 + (-6)/(-9). Suppose f = 24*l - 34*l + 70. Determine i(l).
17
Suppose 5*o - 6*o = -3. Suppose -4*h - 18 = 3*c - 0*c, -6 = c + o*h. Let x(w) = 3 + w**3 - 10*w + 5*w**2 + 15*w - 10*w. Determine x(c).
-3
Let i(v) be the first derivative of -v**3/3 - 3*v**2/2 + 70*v - 735. Give i(7).
0
Let x = 14 - 8. Let l(y) = -5 - y**2 + x*y + 7*y - 5*y. Let p = -56 - -61. What is l(p)?
10
Let b(z) = -6*z - 1 - 5*z + 4*z - z**2. Suppose -72 = 10*l + 2*l. Let n be b(l). Let p(o) = o**2 - 5*o + 2. Calculate p(n).
2
Let g be 6/(3*(2 + -1)). Let b(w) = g - 2*w - 1 - 4 - 1. Determine b(-9).
14
Let t be 3/2*48/36. Let s(v) = -3 + v**3 - 11 + 18*v**t + 2 - v. Give s(-18).
6
Let l(o) = -o + 9. Let q be (-4)/(-18) + (-43)/(-9). Suppose -5*g = 3*r - 9, 0 = -q*g + 2*g - 4*r + 12. Give l(g).
9
Let c(w) be the third derivative of -w**6/120 - 11*w**5/60 - 9*w**4/8 + 5*w**3/6 + 8996*w**2. Determine c(-7).
-2
Suppose 14 = 2*d - l, 34 = 2*d - l + 5*l. Let j(z) = 5*z - d*z - 30 + 2*z. Let w be j(-16). Let q(y) = 2*y**2 - 4*y + 2. Give q(w).
2
Let p(o) = -o**3 + 3*o**2 + o - 7. Suppose 2*w + 39 = -4*w + 19*w. Determine p(w).
-4
Let r(n) = -11*n - 4. Let b(m) = 12*m + 5. Let s(t) = -3*b(t) - 4*r(t). Let x(v) = 5*v - 27. Let u be x(7). Suppose -7 = y - u. What is s(y)?
9
Suppose k - 29 + 9 = -4*i, 5*k - 20 = -4*i. Suppose -i*r + 5*g - 5 = 0, -6*r + 2*r + 17 = 3*g. Let n(x) = -4*x + 4 - 12 + 14*x**r + 2*x + 7. Give n(-1).
15
Let c(t) = 3*t + 16. Let p(q) = -q - 6. Let n(y) = -4*c(y) - 11*p(y). Let v(g) = g**2 - 3*g - 22. Let m be v(0). Let f = m - -19. Calculate n(f).
5
Suppose -113*j + 318 = -812. Let f(d) = d**2 - 10*d + 14. Give f(j).
14
Let b(d) be the second derivative of d**5/20 - 2*d**4/3 - d**3/2 + 7*d**2/2 - 20*d - 29. Let q(u) = -9*u - 1. Let p be q(-1). Give b(p).
-17
Let y = -75 - -75. Suppose 2*k - 11*k - 9 = y. Let t(